pose -3*v = n - 3, 0 = -4*v + 5*n - 0 + 4. What is the units digit of r(v)?
1
Suppose -3*k = -2*k. Suppose 0 = 3*v - k*v. Suppose -42 = -4*q + 3*r + 31, v = -q + 2*r + 17. What is the tens digit of q?
1
Let q = -22 - -24. Suppose q*j - 12 = -8. What is the units digit of j/(-4)*1176/(-12)?
9
Suppose 3*d = 4*h + 20, 21 = 5*d - 4*h + 1. Suppose -11 + 2 = -3*g, -4*w + 2*g - 2 = d. What is the units digit of w?
1
Let k(v) = v + 23. Suppose -4*w + 5*w = 0. Suppose i = -w*i. What is the tens digit of k(i)?
2
Let m = -1169 + 1889. What is the tens digit of m?
2
Suppose -2*w - 4 = -y - 4*w, -6 = -5*y + 4*w. What is the tens digit of (2/2)/(y/124)?
6
Let u be ((-85)/34)/((-2)/24). Let q be (2 - u/5) + 74. What is the tens digit of q/4*(1 + 3)?
7
Suppose 4*j - 6 = 6*j, -5*m = j - 997. Suppose -4*x - 12 = -m. What is the units digit of (1 + x)/(6/4)?
2
Let s be (27/(-6) + 4)*0. Suppose s = -10*n + 9*n. Suppose -3*b = -144 - n. What is the units digit of b?
8
Suppose -2*h - 4*r + 8688 = 0, -4*r - 7572 = -5*h + 14120. What is the tens digit of h?
4
Let t(o) be the third derivative of -7*o**4/12 - o**3/6 + o**2. Let d(j) = -j**3 - 10*j**2 + 23*j - 14. Let i be d(-12). What is the units digit of t(i)?
7
Let g(q) = -2*q**2 + 13*q - 2. Let l be g(16). Let o = l + 499. What is the hundreds digit of o?
1
Let g(c) = c**2 + 16. Let f be (-4 - (-5 + 1))/(-3). What is the units digit of g(f)?
6
Suppose 98*l + 19578 = 104*l. What is the hundreds digit of l?
2
Suppose 0 = 12*p - 2545 - 4499. What is the tens digit of p?
8
Let p(x) = -x**3 - 3*x**2 + 8*x + 5. Let z be p(-6). Suppose 0 = -3*g - 17 + z. What is the tens digit of g?
1
Let w(c) be the second derivative of c**4/12 + 7*c**3/3 - 21*c**2 - 4*c. What is the units digit of w(-22)?
4
Suppose 4*x = -4, -15 = -3*v + x - 5. Suppose -v*i - 1 + 13 = 0. What is the units digit of (-4)/(i + -3) + 50?
6
Suppose 3*s - 248 = 5*c - 5749, 5*c - 5519 = -3*s. What is the thousands digit of c?
1
Let l(j) = -j**3 + 6*j**2 - j - 3. Let z be (-22)/(-3)*12/8. Let a = z - 6. What is the units digit of l(a)?
7
Suppose 0 = -6*k + 11*k - 10. Let f(m) be the third derivative of m**6/40 - m**5/60 - m**4/24 - 3*m**2. What is the units digit of f(k)?
8
Let o(q) = -q**3 - 4*q**2 + 9*q + 11. Let p = 55 - 61. What is the tens digit of o(p)?
2
Let y(g) = 466 - 23*g - 472 - 16*g. What is the tens digit of y(-2)?
7
Suppose -5*l + 0*p = 4*p + 1509, -4*l - 3*p = 1208. Let k = l + 494. What is the tens digit of k?
8
Let w = 38 - 35. Suppose w*z - 511 = -r - 0*r, -153 = -z + 4*r. What is the units digit of z?
9
What is the units digit of (-7 - (5 + -1)) + 2289?
8
Let o(s) = -s**3 - s**2 + 4*s + 6. Let n be o(-2). Let i(x) = 4*x**3 - 3*x**2 + 4*x - 5. What is the tens digit of i(n)?
2
Let a(j) = -j**3 - j**2 + 204. Let y be a(0). What is the hundreds digit of 0/(-10) + y*1?
2
Let n(i) = -i**2 + 6*i - 5. Let v be n(5). Suppose -4*b = 5*y - v*b - 681, -3*y - 3*b + 408 = 0. What is the hundreds digit of y?
1
Let g(c) = -2*c - 1. Let o be g(-8). Suppose -6*p = -p - o. Suppose 0 = 2*n - 69 + p. What is the units digit of n?
3
Let s(z) = -9*z + 24. Let h be s(-11). Let g = 273 - h. What is the units digit of g?
0
Suppose -22*r + 21*r = -1290. What is the tens digit of r?
9
Suppose c - 357 = -2*q, -q = 3*c + q - 1079. What is the hundreds digit of c?
3
Let o(h) be the first derivative of -h**2/2 + 23*h - 7. What is the tens digit of o(-19)?
4
Suppose 10*p = 5*p. Suppose 0 = 2*w - p*w - 3*l + 117, -5*w + 2*l = 276. What is the tens digit of 12/w + (-274)/(-18)?
1
Let m(h) = h**2 - 5*h + 24. What is the tens digit of m(-14)?
9
Let m be -2 + 6 - (-157 + 8). Let g = m + 16. What is the units digit of g?
9
Suppose -110*z - 7160 = -118*z. What is the units digit of z?
5
Let p be 220/(-24) - 2/(-12). Let c be (-8)/(-36) - 7/p. Suppose 3*x - 4 = -c. What is the units digit of x?
1
Let k = 21 - 17. Let g = -30 - k. What is the units digit of 1 - g - (-7 - -9)?
3
Suppose 5*s - 1322 = 4*l + 628, 5*s - l - 1950 = 0. What is the units digit of s?
0
Suppose -4*q + 18 = 3*b, -2*q - 1 - 23 = -4*b. Suppose -b = 3*d, u = 4*u - 5*d + 68. What is the tens digit of 10/(-4)*u/5?
1
What is the thousands digit of 24*(-1088)/(-24) + (3 - -2)?
1
Suppose j = -27 - 8. Suppose 264 + 107 = -7*s. Let o = j - s. What is the units digit of o?
8
Let s = 591 - 369. Suppose -4*f - s = -7*f. Let c = 131 - f. What is the units digit of c?
7
Let u = 781 - 370. What is the units digit of u?
1
Let l = -31 + 19. Let a be (-9)/l + 26/8. Suppose 2*z = 4*m - 38, a*m - m - 3*z = 36. What is the units digit of m?
7
Let u(j) = -j**3 + 16*j**2 + 6*j - 11. What is the units digit of u(12)?
7
Suppose -m - i + 176 = m, 0 = -m + 4*i + 88. What is the tens digit of m?
8
What is the thousands digit of ((-3870)/(-4))/((-6)/(-12))?
1
Suppose -2*h + 21 = 3*u, 5*h + 2*u = 5*u. Suppose -2*f = h*f - 25, -77 = -2*w - 5*f. What is the units digit of w?
6
What is the tens digit of 5/140*-4 - 1788/(-21)?
8
Let a(x) = 3 - 17 + 5 + 8*x + 2. What is the units digit of a(2)?
9
What is the units digit of (-2 - (-44)/16)*3292?
9
Let b(l) = l**3 - 4*l**2 + 3*l - 2. Let u be b(4). Let a = 16 - u. Let v(j) = -j**3 + 6*j**2 + 2. What is the units digit of v(a)?
2
Suppose 2*t = -2*t + 4*p + 2336, -2*p - 2332 = -4*t. What is the tens digit of (2 + -1)/(-3*(-1)/t)?
9
Let x be 4/((8/188)/1). Suppose -2*l - 3*t + 7*t = -x, 2*t - 94 = -2*l. What is the tens digit of l?
4
Suppose -c - 2*v + 2430 = 0, 7298 = 3*c + v + v. What is the hundreds digit of c?
4
Suppose -p + 3*p = -44. Let o = p + 80. Suppose 3*c + 0*c = 4*t + 26, -3*c = 4*t - o. What is the tens digit of c?
1
Let n be (-1*(-130)/(-4))/((-2)/4). Suppose -n*a + 472 = -61*a. What is the hundreds digit of a?
1
Let d = -38 - -23. Let u = 12 - d. What is the units digit of u?
7
Let y = -658 - -377. Let n = y + 491. What is the tens digit of n?
1
Suppose 3*d = 2*t - 424, d - 409 = 4*d + t. Let o = 90 + d. What is the tens digit of 4*4/(o/(-69))?
2
Let m(r) = 10 - 7*r - 2 + 3*r**2 + 7*r. What is the units digit of m(-6)?
6
What is the units digit of 518 + 9/3 + -9?
2
Let a = 4 - 21. Let b(j) = -3*j**3 + 2*j**3 - 16*j**2 - 329*j + 21 + 345*j. What is the tens digit of b(a)?
3
Let u = 84 - 26. Suppose -l - 15 = -2*x + 47, 3*l = 2*x - u. Let i = x + 23. What is the tens digit of i?
5
Let d = -5 - -4. Let k(j) = -j**3 - 9*j**2 + 8*j + 7. Let u(c) = -c**2 + c + 1. Let x(g) = d*k(g) + 2*u(g). What is the units digit of x(-7)?
7
Let m(j) = 3*j**2 - 2*j - 3. Let d be m(-2). Let h = 15 - d. Suppose 68 = 2*z + h*p, -z + 3*p + 14 = -p. What is the units digit of z?
0
What is the hundreds digit of (1/((-4)/(-3)))/((-104)/(-59904))?
4
Suppose 0*c - 222 = 5*c - 4*h, -3*c = -4*h + 138. Let p = -21 - -9. What is the tens digit of p/c - 110/(-7)?
1
Let q(f) = -f**2 - 8*f - 3. Let t be q(-6). Suppose -67 - 374 = -t*a. What is the tens digit of a?
4
Let a(v) = 5*v**2 + 50*v + 251. What is the tens digit of a(-19)?
0
What is the hundreds digit of (14/(-28) + (-10 - -3))*-202?
5
Suppose 929 + 1806 = 5*s. What is the units digit of s?
7
Suppose b = -b + 8. Suppose -3*y = -2*s + 21, -3*y - 63 = -4*s - b*y. Suppose j + 2*j - s = 0. What is the units digit of j?
5
Let o(a) = -2*a - 12. Let s be o(-17). Let q = 140 + s. What is the hundreds digit of q?
1
What is the thousands digit of -671*(-3)/6*10?
3
Suppose 2*l + 3 = u, 4*l + 3*u + 5 = 4*u. What is the tens digit of ((-117)/18)/(l/4)?
2
Suppose 0 = -y - 10 + 4. Let g be ((-13)/(-2))/((-1)/y). Suppose -g = -h - 3. What is the units digit of h?
6
Let x(y) = y**3 - 3*y**2 - 3*y + 2. Let m be x(4). Suppose m + 12 = 3*a. Suppose -2*g - 92 = -a*g. What is the units digit of g?
3
Let u be 1/(-5)*2*-1370. Suppose -9*l = -7*l - u. What is the tens digit of l?
7
Let q(x) = -3*x**2 - 11*x + 2. Let o(z) = z**2 + z - 1. Let w(a) = -2*o(a) - q(a). Let t = -20 - -9. What is the units digit of w(t)?
2
Let n(l) = 2*l - 6. Let w be n(10). Let h(d) = -2*d**3 - 5*d - 9*d + d + d**3 + 15*d**2 - 13. What is the units digit of h(w)?
1
Suppose -8*a + 14*a = 90. Suppose -2*i + a = -3. What is the units digit of i?
9
What is the tens digit of (1 + 5 + -13)*-407?
4
Suppose 2*j = -j. Suppose -2*d + 4*h + 48 = -j*d, 3*h + 27 = d. Suppose 2*k - 70 = d. What is the tens digit of k?
4